
Let f be 109 + -2 - ((-245)/7)/(-5). Let o be (1 - 2)/(1/3). Let v be (o + 43)*2/4. Calculate the highest common factor of v and f.
20
Suppose l - 5 = 0, -22*f + 5*l = -17*f - 3385. Calculate the greatest common factor of f and 1342.
22
Let q = -449 + 862. Let d(n) = 109*n + 317. Let x be d(3). Let u = x - q. Calculate the greatest common factor of 21 and u.
21
Suppose -69*w + 5838 - 2733 = 0. Let q = 543 + -228. Calculate the greatest common factor of w and q.
45
Let s(h) be the second derivative of 4/3*h**4 + 1/20*h**5 + 8/3*h**3 + 27/2*h**2 + 22*h + 0. Let d be s(-15). Calculate the greatest common divisor of d and 6.
6
Suppose 0 = -4*g - 0*g + 396. Let o(v) = 6*v - 75. Suppose 0 = -0*c - 11*c + 154. Let l be o(c). What is the greatest common factor of g and l?
9
Let f(k) = 893*k - 5100. Let l be f(6). Calculate the highest common factor of l and 2150.
86
Suppose l + 54 = 7*l. Suppose l*r = -12*r + 42. Let p = -4 + 9. What is the greatest common divisor of r and p?
1
Suppose 3*y + 5*g - 151 = 0, 25*y - 69 = 23*y + 3*g. Calculate the highest common divisor of 18 and y.
6
Suppose 7*w - 1 = 6*w. Let c(k) = -4*k**2 - k + 2. Let v be c(w). Let l be 49 + v + 9/(-3). What is the greatest common divisor of 387 and l?
43
Let n(p) = -2*p**2 + 39*p + 341. Let x be n(25). Calculate the greatest common divisor of x and 627.
33
Let h(t) = 324*t**2 - 7*t + 7. Let f be (-150)/(-70) - 2 - (-12)/14. Let m be h(f). What is the highest common factor of 12 and m?
12
Let q = 3847 + -1961. Calculate the greatest common divisor of 656 and q.
82
Let b = 2028 + -2024. What is the highest common divisor of 137 and b?
1
Let i(t) = -30*t - 152. Let p be i(-6). Suppose p*k = -4*k + 11520. Let a = 59 + -19. What is the highest common factor of k and a?
40
Let d = 1650 - 1609. Let a(q) = 4*q**2 - 6*q + 1. Let k(z) = -z + 2. Let h be k(-2). Let s be a(h). What is the highest common factor of s and d?
41
Let j(t) = -228*t - 72. Let c(w) = -91*w - 29. Let h(l) = 12*c(l) - 5*j(l). Let u be h(4). Calculate the highest common factor of u and 17.
17
Suppose 0 = 4*o + 3*z - 30, 0 = -30*o + 31*o + 11*z - 28. What is the highest common factor of o and 1074?
6
Let b(f) = f**2 - 5*f. Let p be b(6). Suppose 35*r - 2*d - 46 = 33*r, -7*r = 4*d - 205. What is the greatest common divisor of p and r?
3
Let u be -3*(-2)/3 + 292. Suppose 40*r = -173 + 760 + 2773. What is the greatest common factor of u and r?
42
Suppose -5*c - 4*g = 0, -2*c - 2*g + g = 3. Let a(s) = 39*s**2 - 24*s - 7. Let i be a(c). What is the greatest common factor of i and 23?
23
Let r(t) = t**2 - 3*t - 20. Let h be r(18). What is the greatest common divisor of 1600 and h?
50
Let d = 441 + -151. Let g = -2508 + 2518. What is the highest common divisor of d and g?
10
Let y = -81331 + 121139. Calculate the greatest common divisor of y and 128.
128
Let x be (-41 - -1)*(39 - (-4440)/(-96)). Suppose -313 = -9*i + 731. What is the greatest common divisor of i and x?
58
Let c be 2/((-20)/(-32486)) + (-368)/230. What is the greatest common factor of c and 955?
191
Suppose 4*f + 3*o - 39 = 12, -5*f = 3*o - 66. Calculate the highest common factor of 6 and f.
3
Let y = 21748 + -21720. Calculate the greatest common factor of y and 64.
4
Suppose 28 = 4*q + 2*k - 30, -19 = -q - 5*k. Suppose -5*s = -q*s + 2457. What is the highest common divisor of 91 and s?
91
Suppose 8 = z + 2. Let n be (-5 + z)*(0 + 10). Let v(h) = h + 4. Let x be v(0). Calculate the greatest common factor of n and x.
2
Let a be -5*(-3)/(-6)*-2. Let c(n) = 75*n + 87. Let h be c(a). Calculate the highest common divisor of 42 and h.
42
Let t(l) = 2*l**3 - 9*l**2 + 40*l - 14. Let r be t(4). Suppose -5*p - r = -3*c, c + 2*p - 10 = -3*p. What is the greatest common factor of 25 and c?
5
Let z = -692 - -772. What is the greatest common divisor of z and 2630?
10
Let m(i) = i**2 + 346*i - 544. Let c be m(52). What is the greatest common factor of 88 and c?
88
Let b be -3 + 594/14 + (2 - 289/119). Calculate the greatest common divisor of 1534 and b.
13
Suppose 5*z - 1632 = -z. Let c(g) = 2*g**2 + 7*g + 23*g - 289 + z. Let m be c(-16). What is the highest common divisor of 15 and m?
15
Let y(f) = -894*f + 381. Let m be y(-2). What is the greatest common divisor of m and 9?
9
Let c(x) = -x + 15. Let n be (-16)/2 + 7*(-3)/(-21). Let p be c(n). What is the highest common factor of 66 and p?
22
Let w(v) = -392*v - 664. Let a be w(-2). Calculate the highest common divisor of a and 168.
24
Suppose -2*d + 3*m = -103 - 45, 0 = -5*m + 20. Suppose 5*s - 2*f - 160 = 0, 3*f - 29 = 2*s - 93. What is the highest common factor of s and d?
16
Let x(u) = -2*u**3 - 10*u**2 - 30*u - 122. Let n be x(-6). What is the greatest common divisor of 9035 and n?
65
Let z = -33 - -41. Suppose 3*b - 150 - 64 = -5*f, 5*b + 4*f - 348 = 0. What is the greatest common factor of b and z?
4
Let q(s) = s**3 - 5*s**2 - 3*s + 3. Let r = -37 - -43. Let a be q(r). Let l = -11 + 18. What is the highest common factor of a and l?
7
Let o = 1618 - 560. Suppose 6*j - 580 - o = 0. Calculate the highest common divisor of 78 and j.
39
Let s = 17 + 18. Suppose 11*d - 1925 = -14*d. What is the highest common divisor of d and s?
7
Let a(z) = 17*z**2 + 17*z + 66. Let m be a(-7). Calculate the greatest common factor of 715 and m.
65
Let u(q) = -4*q + 25. Let y be u(8). Let k = -8 - y. Let x(h) = -136*h**3 + h**2 - 1. Let r be x(k). What is the highest common factor of r and 17?
17
Let j(o) = 3*o + 157. Let v be j(0). Let y = -154 + v. Calculate the highest common divisor of 57 and y.
3
Suppose -495 = -2190*j + 2181*j. Calculate the highest common factor of 80 and j.
5
Suppose -36470 = -4*n + 2*v, 0 = -n - 351*v + 340*v + 9037. Calculate the greatest common divisor of 558 and n.
186
Let k be ((-315)/28 + 10)*-4*2397. Calculate the greatest common factor of 235 and k.
235
Let z(c) = -2*c**2 - 13*c + 26. Let n be z(-6). Calculate the highest common factor of 4240 and n.
16
Let k(o) = -5*o**3 - o**2 - 45*o - 1. Let v be k(-11). Calculate the highest common divisor of 224 and v.
28
Suppose -2*n + 46 = 32. Let l(x) = 2*x**2 - 10*x - 10. Let o be l(n). Suppose -8 - 1 = -b. Calculate the greatest common factor of b and o.
9
Let u(h) = 7*h**2 + 161*h + 6. Let b be u(-23). Calculate the greatest common divisor of b and 1146.
6
Suppose 2*w + 0*w + 2 = 2*t, -2*t - 2 = -w. Let h(p) = -6*p - 1. Let z be h(w). Suppose 3187*s - 3081*s = 17066. What is the highest common divisor of z and s?
23
Let f be ((-75)/2)/((-910)/2184). Calculate the highest common factor of 192 and f.
6
Suppose -4*a + c + 17 = 0, 4*c + 6 + 29 = 5*a. Suppose f = -a + 24. What is the highest common divisor of f and 56?
7
Suppose 3*u + 9 = 0, -14*u + 13*u = -2*z + 119. Let d be (4 + 5 - 7) + z. What is the greatest common factor of 160 and d?
20
Let a(s) = -2*s**3 - 5*s**2 + s - 1. Let c be a(-3). Suppose 0 = -2*b + 3*g + 1264, 72*b - c*g = 71*b + 632. Calculate the highest common factor of 8 and b.
8
Suppose 4 = j + 5. Let y be (-54)/(-12)*(j + 3). Let a be 132/y - (1 - 4/12). Calculate the greatest common divisor of a and 2.
2
Let k(x) = x**2 + 23*x - 30. Let t be k(-25). Let p(c) = 19*c + 0 + 5 + c**3 + 20 - 21*c**2. Let i be p(20). Calculate the highest common divisor of i and t.
5
Let l(g) = 2*g**3 - 139*g**2 - 67*g - 187. Let r be l(70). What is the highest common factor of r and 253?
23
Let l = -2261 - -2473. Calculate the highest common factor of 1113 and l.
53
Let q = 10505 - 10480. What is the highest common factor of 405 and q?
5
Suppose 0*u + 128 = 2*u. Suppose -9*h + 108 = -0*h. Suppose -h = 46*v - 49*v. What is the greatest common divisor of u and v?
4
Suppose -3*b = -5*v + 1109, -313 = 4*v - 4*b - 1205. Let a = -661 + 901. Suppose -26*d + 14*d + a = 0. Calculate the greatest common factor of d and v.
20
Let n(w) = 2*w**3 + 15*w**2 + 5*w - 10. Let q be (-35)/(-5 + 0)*(-1)/1. Let x be n(q). Suppose -x*i = -48 - 0. What is the greatest common divisor of 6 and i?
6
Let s be -36 + 41 + 60/(-3). Let d be (s - -8 - -6) + 28. Let h(x) = -3*x - 6. Let f be h(-5). Calculate the highest common divisor of d and f.
9
Let v(s) = -370*s + 5175. Let r be v(11). Calculate the greatest common factor of r and 765.
85
Suppose -33 = -4*i - c, 0 = 5*i - 245*c + 247*c - 45. W